56))
-121
Evaluate 1018 - 1061 - (7 - 0).
-50
What is the value of -83 + 67 + 69 + -3 - 9?
41
Calculate (2 - (3 - 3)) + 34 + (35 - 75).
-4
-4448 + 4547 - (-2 + 40)
61
What is the value of 68 - (18 - (-34 - -9)) - 4?
21
What is the value of 120 - (113 + -26) - (-27 + 4)?
56
Calculate -81 - -57 - -45 - (136 + -1 + 1).
-115
What is 231 + -233 + -1 + -22 + 9?
-16
Calculate -68 - (-60 - -43) - (-1 + -5 - -25).
-70
Evaluate 41 - 36 - (-11 + (33 - 6)).
-11
181 - 102 - (55 - -8)
16
Calculate -49 + (50 - (-48 - -74)).
-25
What is the value of -553 + 547 + -2 + 25 + -4 + -2?
11
What is (2 - 3) + -5 + 1 - (7 - -27 - -1)?
-40
-7 + 11 - (-280 - -310)
-26
Evaluate (-29 - (-20 - -29)) + -2 + 11 + -1.
-30
Evaluate (-47 - (22 - 135)) + -18.
48
Evaluate -70 + (-116 - -61) + 48.
-77
-930 - -995 - (-3 + 43)
25
Calculate -55 + 31 + -57 - (-10 - 0).
-71
What is the value of 10 - ((22 - 70) + 39 + (2 - -21))?
-4
What is the value of 2 + 8 + (82 - 105) + (-4 - 6) + -3?
-26
-9 - ((-7 - -4) + 10 + (19 - 7) + -22)
-6
(-138 - 3) + 83 + -40
-98
Calculate -125 - (78 + -128) - 16.
-91
What is the value of -2435 + 2427 + (-8 - -1) + 7?
-8
What is the value of -165 + 146 + (-7 - ((-7 - (6 - 19)) + 0))?
-32
Evaluate -45 - (5 + -31 + 3).
-22
Evaluate 57 + 0 + (23 - 6 - 40).
34
Evaluate -802 + 767 - (-1 - 62).
28
Evaluate 65 + (-3 + 1 - 4) + (0 - 30) + 32.
61
Calculate -23 - (13 + -16 + -4 - -24).
-40
Calculate 15 + -178 + 1550 + -1255.
132
Calculate -22 + -5 - (19 + (-3 - -1)).
-44
Calculate 31 + 0 + -6 - (35 + -59).
49
Evaluate (-19 - (48 - 98)) + 78.
109
Calculate 0 + 3 - ((-120 + 139 - (-5 + 0)) + -92).
71
Calculate 137 + -22 - (-53 + 62 - (-2 - 2)).
102
Evaluate (58 - -2) + (-50 - -53) + -18.
45
What is the value of (1 - 0 - 14) + (12165 - 12165)?
-13
(7 - 3) + -9 + (1 - 99 - (-67 - -68))
-104
What is the value of -5 - ((-18 - (-55 + 26)) + 65)?
-81
What is 2 + -21 + (-28 - 2) + -773 + 778?
-44
Evaluate -54 - (-38 - (12 + (-36 - -6))).
-34
What is 7 - 12 - (67 - ((-6 - -5) + -14))?
-87
What is (-6 - 55) + 32 + 1?
-28
(4 - (-77 + 67 + -25)) + 41
80
Evaluate (22 - (35 - 21) - (-14 + 8)) + -5.
9
Evaluate 3 + -2 + 2 - (19 - 35 - -24).
-5
Calculate 56 + 4 - (-423 + 451).
32
What is -29 + -188 + 194 + -2 + 10 - 7?
-22
What is (9 - 12) + (2 - (6 + -33 + -6) - -4)?
36
0 + 14 - (-77 + -37 + 44) - (-1 + 7)
78
What is (36 - 37 - -4) + 3?
6
1421 + -1388 - (15 - (1 + 1))
20
What is the value of 69 - ((25 - 21) + 52)?
13
What is 10 - (-62 + 47 + 56 + 3 + 2)?
-36
What is the value of -2 + (-18 - -5) - (-32 + 23)?
-6
Calculate (2 - -8) + (137 - 70) - (0 - 10).
87
Calculate -37 + 81 - 61 - -15.
-2
What is (2 - -3 - (-83 - -99) - 21) + -10?
-42
-26 - (3 - -26 - (-20 + -9))
-84
(1 - -92) + 2 - (225 + (-162 - 55))
87
Evaluate (23 - 71) + 12 - -6 - (4 + -1 - 6).
-27
Evaluate (14 - (12 - 22)) + -2 + (5 - 3) + 0.
24
Evaluate -43 + 85 + -30 + 26.
38
Evaluate -17 + (-23 - (18 - 30)) + (11 - 13).
-30
What is the value of -4 + (-11 - (-3 - 1)) - (128 - 122)?
-17
Evaluate -98 - (22 + 37 + -89).
-68
Evaluate 21 - 3 - (-51 + 70 + -7) - (81 + 2).
-77
Evaluate (-46 - -29) + (0 - (9 - 22 - -4)).
-8
What is -13 + -14 + 6 + (-12 + 72 - 4)?
35
Evaluate 219 + -257 + (7 - 7).
-38
-7 - (-14 + (14 - 18) + -12)
23
What is -18 - (-15 + (106 - 32) + -14)?
-63
-2 + 2 + -32 - (97 - (78 - -13))
-38
What is the value of (179 - 11) + (-57 - 36)?
75
What is -51 + (-178 - -194) - (-1 - 54)?
20
What is the value of 0 + 27 + -1527 + 1450?
-50
Evaluate -4 - (-31 - -5 - -38).
-16
Evaluate 11 + 3 + 89 + (-6 - -7) + -20.
84
-14 + (2 - 31 - 7) + 5
-45
Calculate -1893 + 1920 + (1 - -36) + -16.
48
Evaluate -30 + 2 - (-1023 + 973).
22
Evaluate -6 - (5 + 48 + -8).
-51
44 + (-3 - -1 - (-19 - (-10 - (-13 + 9))))
55
What is (-56 - (-116 - -6)) + -138?
-84
What is 12 + 14 + (-9 + 19 - 22)?
14
What is the value of 2455 - 2525 - (-3 + (-4 - (0 - 4)))?
-67
What is (19 - -35) + -38 - (15 + 3)?
-2
What is (12 - 51 - 17) + 25?
-31
Evaluate -347 - -309 - (-3 - 121).
86
Calculate -32 + (36 - (-43 - -56)).
-9
What is the value of -58 + (14 + -11 + -16 - -24)?
-47
Evaluate (59 - -2 - 49 - (2 - 0)) + -34.
-24
52 + 126 + -109 + -10
59
(-1 - 13) + (-46 - (93 - 199))
46
Calculate 20 + (11 - (6 - 0)) + -131.
-106
What is the value of 33 + -36 + 2 - (-4 + -1)?
4
Calculate 58 + (-29 - 14 - -15).
30
2559 + -2601 - (-11 - 0)
-31
What is the value of 32 + 1 + 3 + 5 + -1 + 2 + -1?
41
What is the value of 119 + (7 - ((-1 - -3) + (-10 - (-24 + 9))))?
119
Evaluate 2 + -24 + (-33 - (16 - 36)).
-35
Calculate -18 - (-29 + -3 - (-228 - -127)).
-87
Calculate 10 + -28 + (-44 - -34).
-28
What is (-2 - 0) + -28 + 12434 + -12504?
-100
Calculate (1 - -62) + 1926 + -1949.
40
What is the value of (-34 - (25 - 86)) + -35 - (121 + -2)?
-127
Evaluate 8 + -22 - ((-23 - (5 + -26)) + (2 - 0)).
-14
What is the value of (30 - 28) + (4 - (1 - 3)) - 9 - 11?
-12
(0 + -47 - -21) + -10 + -9
-45
Evaluate 96 - (0 - 59 - (-117 + 97)).
135
What is (-18 - -5 - -3) + (6 + 32 - 9)?
19
Evaluate 58 - ((9 - (10 - 16)) + (30 - 39)).
52
Evaluate -17 + -23 - (4 + -28 - -5).
-21
Evaluate 56 + 96 + -153 - (4 + -3 - -53).
-55
Evaluate 77 - (11 + -36 - -67).
35
What is the value of (-28 - -74) + 29 - 70?
5
118 + -188 - ((26 - 21) + (11 - 3))
-83
25 + (65 - 69 - -27)
48
Calculate 2 - (27 - (-20 + (6 - -7))) - -2.
-30
(-1 - (1 - 0)) + -1 + -11 + -40 + -34
-88
Evaluate -14 + (-10 - 24) + 19 + 6 + 42.
19
What is 27 - (34 + 0 - (-161 + 128))?
-40
Calculate -67 + 230 + -41 + -109.
13
What is -3 + (-14 + -3 - 62) + (-2 - (-6 - -14))?
-92
Evaluate 38 + -13 + (25 - 7 - 8) - 0 - -5.
40
(28 + 18 - 109) + (-1 - -23)
-41
Calculate -7 - ((1 - (-4 - 2)) + -5 - 6) - -39.
36
What is the value of (-38 + 8 - -15) + 50 - 29?
6
(15 - 26) + 31 - 50 - -62
32
What is -17 - (0 + 6 - (10 - -48))?
35
What is the value of 39 + (-40 - (52 + -40))?
-13
What is -10 + -33 + -14 + 40?
-17
What is 169 - (62 - 104 - -101)?
110
Evaluate -8 - (8 - (-11 + 15 + 14) - 91).
93
Calculate -41 + -6 + (-10 - -1 - (-7 - -2 - 1)).
-50
What is -1 + 77 - (-14918 + 14866)?
128
Calculate 11 - (-17 + 7 - (-3 + 8 - 3)).
23
Calculate -8 + 1 + (-13 - -21 - 2) + 0.
-1
What is the value of -3 + -30 + -13 - -59?
13
Evaluate 44 + (-4 - (-51 + (47 - 15))).
59
11413 + -11429 - (-1 - -69 - 2)
-82
Calculate 82 - (-89 + 191 - 101).
81
What is 10 + 12 + 0 + -14 + (6 - -23)?
37
-16 + (-1482 - -1448) + (184 - 1)
133
Calculate (548 - 504) + (1 - 2 - (-23 - -2)).
64
28 - 3 - 8 - 32 - 8
-23
What is 128 + (-154 - (87 - 119))?
6
Calculate 94 + (-1 + -13 - (-558 - -582)).
56
-32 - (4 - 9) - (64 - 65)
-26
What is the value of 0 + 9 + (-15 - (3 + -5)) + -93 + 84?
-13
Evaluate -4 + -28 - (-4 - ((-11 - -5) + 9) - -9).
-34
What is (-62 - -2) + (-18 - -25) + (40 - 37)?
-50
Calculate (-108 - -9) + 365 + -211.
55
Calculate (-2 - (-27 - -3)) + (10 - 25).
7
-118 - ((0 - -16) + (-36 + 60 - 50))
-108
What is the value of 70 + -145 - -77 - 49?
-47
(-3 - (3 - 10)) + 2 + -3 + -20 + -15
-32
Evaluate (17 - 8 - -20) + (11 - ((4 - -3) + -1)).
34
Calculate (-14 + -10 + 20 + 2 - (8 - 10)) + -33.
-33
Evaluate 3 - -1 - (-23 + 53 - 34).
8
Evaluate 39 - (0 - (-18 - (-22 + -4))).
47
Calculate (1 - 34) + -109 + 111.
-31
What is the value of (-8 - 10 - -19) + -22 + -28?
-49
Evaluate -1 + 14 + (-608 - -594) - (-2 - 51) - -9.
61
Calculate 13 + -1 - (-11 + (-15 - (-22 + 17)) - -149).
-116
Calculate 8 + -7 + 9 + -1 - (283 + -240).
-34
What is (172 - 64) + -71 - 9?
28
What is (40 - (-38 - -71)) + (4 - 4) + 108?
115
What is the value of 42 + (6 - -36) - 33?
51
Evaluate 1 + 38 + 2 + (-7767 - -7764) + -6.
32
Calculate (-9 + 15 - (-1 - -7)) + -33.
-33
-15 - (-49 + 69 + -25 + (2 - -1))
-13
-14 + (-9 - -7) + 29 + -9
4
Calculate (337 - 325) + 2 + 0 - (8 + -1).
7
Calculate 9 - (-34 - (14 + -35) - (-1 + -73)).
-52
Evaluate -71 + -31 + 122 + 23.
43
Evaluate 1 + -2 + -1 + -82 + 133.
49
What is the value of (4 - (-2 + 16)) + (11 - (16 + -8 + 9))?
-16
What is -143 + (47 - 17) - -57?
-56
Calculate -85 + -1 + (-117 - -129 - 58).
-132
What is the value of -49 + (-26 - (30 + (17 - 47)))?
-75
What is the value of -2 + -1 + (-865 - -885)?
17
Evaluate -47 - 17 - (-14 + 28 - 13).
-65
Evaluate -18 + (75 - (-72 - -62)).
67
Calculate -1 + (-6 + -1 - (-100 - (9 + -4)) - -4).
101
63 + -7 + -91 - 28
-63
-9 + 3 + -1 - (-15 + (15